{"id":83,"date":"2020-02-24T10:46:50","date_gmt":"2020-02-24T10:46:50","guid":{"rendered":"http:\/\/mebelder.nl\/?page_id=83"},"modified":"2022-01-04T13:44:11","modified_gmt":"2022-01-04T13:44:11","slug":"steenuil","status":"publish","type":"page","link":"https:\/\/mebelder.nl\/?page_id=83","title":{"rendered":"Steenuil"},"content":{"rendered":"<p>[et_pb_section fb_built=&#8221;1&#8243; _builder_version=&#8221;4.3.2&#8243;][et_pb_row column_structure=&#8221;1_5,1_5,1_5,1_5,1_5&#8243; _builder_version=&#8221;4.3.2&#8243;][et_pb_column type=&#8221;1_5&#8243; _builder_version=&#8221;4.3.2&#8243;][et_pb_image src=&#8221;https:\/\/mebelder.nl\/wp-content\/uploads\/2022\/01\/IMG_3219.jpg&#8221; show_in_lightbox=&#8221;on&#8221; _builder_version=&#8221;4.3.2&#8243; hover_enabled=&#8221;0&#8243;][\/et_pb_image][\/et_pb_column][et_pb_column type=&#8221;1_5&#8243; _builder_version=&#8221;4.3.2&#8243;][et_pb_image src=&#8221;https:\/\/mebelder.nl\/wp-content\/uploads\/2020\/02\/IMG_3116-scaled.jpg&#8221; show_in_lightbox=&#8221;on&#8221; _builder_version=&#8221;4.3.2&#8243;][\/et_pb_image][\/et_pb_column][et_pb_column _builder_version=&#8221;4.3.2&#8243; type=&#8221;1_5&#8243;][et_pb_image src=&#8221;https:\/\/mebelder.nl\/wp-content\/uploads\/2020\/02\/IMG_3112-scaled.jpg&#8221; show_in_lightbox=&#8221;on&#8221; _builder_version=&#8221;4.3.2&#8243;][\/et_pb_image][\/et_pb_column][et_pb_column type=&#8221;1_5&#8243; _builder_version=&#8221;4.3.2&#8243;][et_pb_image src=&#8221;https:\/\/mebelder.nl\/wp-content\/uploads\/2020\/02\/IMG_3114-scaled.jpg&#8221; show_in_lightbox=&#8221;on&#8221; _builder_version=&#8221;4.3.2&#8243;][\/et_pb_image][\/et_pb_column][et_pb_column type=&#8221;1_5&#8243; _builder_version=&#8221;4.3.2&#8243;][et_pb_image src=&#8221;https:\/\/mebelder.nl\/wp-content\/uploads\/2022\/01\/IMG_3220.jpg&#8221; _builder_version=&#8221;4.3.2&#8243; hover_enabled=&#8221;0&#8243;][\/et_pb_image][\/et_pb_column][\/et_pb_row][et_pb_row _builder_version=&#8221;4.3.2&#8243;][et_pb_column type=&#8221;4_4&#8243; _builder_version=&#8221;4.3.2&#8243;][et_pb_text _builder_version=&#8221;4.3.2&#8243;]<\/p>\n<p><span>Vakantiewoning voor 4 personen.<br \/><\/span><span>Dit gezellige, knusse huisje heeft een compacte kamer\/keuken, compleet ingericht. Met badkamer met de douche en het toilet. En twee slaapkamers; \u00e9\u00e9n met een tweepersoons bed en \u00e9\u00e9n met twee eenpersoonsbedden. Het huisje heeft een fijne grote veranda waardoor een groot deel van de dag buiten doorgebracht kan worden. Het huisje wordt omringd door een heerlijke grote natuurlijke tuin met bomen en struiken. In de Steenuil staan een wasmachine, magnetron en een koelkast.<\/span><\/p>\n<p>[\/et_pb_text][\/et_pb_column][\/et_pb_row][\/et_pb_section]<\/p>\n","protected":false},"excerpt":{"rendered":"<p>[et_pb_section fb_built=&#8221;1&#8243; _builder_version=&#8221;4.3.2&#8243;][et_pb_row column_structure=&#8221;1_5,1_5,1_5,1_5,1_5&#8243; _builder_version=&#8221;4.3.2&#8243;][et_pb_column type=&#8221;1_5&#8243; _builder_version=&#8221;4.3.2&#8243;][et_pb_image src=&#8221;https:\/\/mebelder.nl\/wp-content\/uploads\/2022\/01\/IMG_3219.jpg&#8221; show_in_lightbox=&#8221;on&#8221; _builder_version=&#8221;4.3.2&#8243; hover_enabled=&#8221;0&#8243;][\/et_pb_image][\/et_pb_column][et_pb_column type=&#8221;1_5&#8243; _builder_version=&#8221;4.3.2&#8243;][et_pb_image src=&#8221;https:\/\/mebelder.nl\/wp-content\/uploads\/2020\/02\/IMG_3116-scaled.jpg&#8221; show_in_lightbox=&#8221;on&#8221; _builder_version=&#8221;4.3.2&#8243;][\/et_pb_image][\/et_pb_column][et_pb_column _builder_version=&#8221;4.3.2&#8243; type=&#8221;1_5&#8243;][et_pb_image src=&#8221;https:\/\/mebelder.nl\/wp-content\/uploads\/2020\/02\/IMG_3112-scaled.jpg&#8221; show_in_lightbox=&#8221;on&#8221; _builder_version=&#8221;4.3.2&#8243;][\/et_pb_image][\/et_pb_column][et_pb_column type=&#8221;1_5&#8243; _builder_version=&#8221;4.3.2&#8243;][et_pb_image src=&#8221;https:\/\/mebelder.nl\/wp-content\/uploads\/2020\/02\/IMG_3114-scaled.jpg&#8221; show_in_lightbox=&#8221;on&#8221; _builder_version=&#8221;4.3.2&#8243;][\/et_pb_image][\/et_pb_column][et_pb_column type=&#8221;1_5&#8243; _builder_version=&#8221;4.3.2&#8243;][et_pb_image src=&#8221;https:\/\/mebelder.nl\/wp-content\/uploads\/2022\/01\/IMG_3220.jpg&#8221; _builder_version=&#8221;4.3.2&#8243; hover_enabled=&#8221;0&#8243;][\/et_pb_image][\/et_pb_column][\/et_pb_row][et_pb_row _builder_version=&#8221;4.3.2&#8243;][et_pb_column type=&#8221;4_4&#8243; _builder_version=&#8221;4.3.2&#8243;][et_pb_text _builder_version=&#8221;4.3.2&#8243;] Vakantiewoning voor 4 personen.Dit gezellige, knusse huisje heeft een compacte kamer\/keuken, compleet ingericht. Met badkamer met de douche en het toilet. En twee slaapkamers; \u00e9\u00e9n met een tweepersoons bed en \u00e9\u00e9n met twee eenpersoonsbedden. Het huisje heeft een fijne grote veranda waardoor een groot deel van de dag buiten doorgebracht kan worden. Het huisje wordt omringd door een heerlijke grote natuurlijke tuin met bomen en struiken. In de Steenuil staan een wasmachine, magnetron en een koelkast. [\/et_pb_text][\/et_pb_column][\/et_pb_row][\/et_pb_section]<\/p>\n","protected":false},"author":1,"featured_media":0,"parent":0,"menu_order":0,"comment_status":"closed","ping_status":"closed","template":"","meta":{"_et_pb_use_builder":"on","_et_pb_old_content":"","_et_gb_content_width":"","footnotes":""},"class_list":["post-83","page","type-page","status-publish","hentry"],"_links":{"self":[{"href":"https:\/\/mebelder.nl\/index.php?rest_route=\/wp\/v2\/pages\/83","targetHints":{"allow":["GET"]}}],"collection":[{"href":"https:\/\/mebelder.nl\/index.php?rest_route=\/wp\/v2\/pages"}],"about":[{"href":"https:\/\/mebelder.nl\/index.php?rest_route=\/wp\/v2\/types\/page"}],"author":[{"embeddable":true,"href":"https:\/\/mebelder.nl\/index.php?rest_route=\/wp\/v2\/users\/1"}],"replies":[{"embeddable":true,"href":"https:\/\/mebelder.nl\/index.php?rest_route=%2Fwp%2Fv2%2Fcomments&post=83"}],"version-history":[{"count":8,"href":"https:\/\/mebelder.nl\/index.php?rest_route=\/wp\/v2\/pages\/83\/revisions"}],"predecessor-version":[{"id":273,"href":"https:\/\/mebelder.nl\/index.php?rest_route=\/wp\/v2\/pages\/83\/revisions\/273"}],"wp:attachment":[{"href":"https:\/\/mebelder.nl\/index.php?rest_route=%2Fwp%2Fv2%2Fmedia&parent=83"}],"curies":[{"name":"wp","href":"https:\/\/api.w.org\/{rel}","templated":true}]}}

<p>[et_pb_section fb_built=&#8221;1&#8243; _builder_version=&#8221;4.3.2&#8243;][et_pb_row column_structure=&#8221;1_5,1_5,1_5,1_5,1_5&#8243; _builder_version=&#8221;4.3.2&#8243;][et_pb_column type=&#8221;1_5&#8243; _builder_version=&#8221;4.3.2&#8243;][et_pb_image src=&#8221;https://mebelder.nl/wp-content/uploads/2022/01/IMG_3219.jpg&#8221; show_in_lightbox=&#8221;on&#8221; _builder_version=&#8221;4.3.2&#8243; hover_enabled=&#8221;0&#8243;][/et_pb_image][/et_pb_column][et_pb_column type=&#8221;1_5&#8243; _builder_version=&#8221;4.3.2&#8243;][et_pb_image src=&#8221;https://mebelder.nl/wp-content/uploads/2020/02/IMG_3116-scaled.jpg&#8221; show_in_lightbox=&#8221;on&#8221; _builder_version=&#8221;4.3.2&#8243;][/et_pb_image][/et_pb_column][et_pb_column _builder_version=&#8221;4.3.2&#8243; type=&#8221;1_5&#8243;][et_pb_image src=&#8221;https://mebelder.nl/wp-content/uploads/2020/02/IMG_3112-scaled.jpg&#8221; show_in_lightbox=&#8221;on&#8221; _builder_version=&#8221;4.3.2&#8243;][/et_pb_image][/et_pb_column][et_pb_column type=&#8221;1_5&#8243; _builder_version=&#8221;4.3.2&#8243;][et_pb_image src=&#8221;https://mebelder.nl/wp-content/uploads/2020/02/IMG_3114-scaled.jpg&#8221; show_in_lightbox=&#8221;on&#8221; _builder_version=&#8221;4.3.2&#8243;][/et_pb_image][/et_pb_column][et_pb_column type=&#8221;1_5&#8243; _builder_version=&#8221;4.3.2&#8243;][et_pb_image src=&#8221;https://mebelder.nl/wp-content/uploads/2022/01/IMG_3220.jpg&#8221; _builder_version=&#8221;4.3.2&#8243; hover_enabled=&#8221;0&#8243;][/et_pb_image][/et_pb_column][/et_pb_row][et_pb_row _builder_version=&#8221;4.3.2&#8243;][et_pb_column type=&#8221;4_4&#8243; _builder_version=&#8221;4.3.2&#8243;][et_pb_text _builder_version=&#8221;4.3.2&#8243;]</p>
<p><span>Vakantiewoning voor 4 personen.<br /></span><span>Dit gezellige, knusse huisje heeft een compacte kamer/keuken, compleet ingericht. Met badkamer met de douche en het toilet. En twee slaapkamers; één met een tweepersoons bed en één met twee eenpersoonsbedden. Het huisje heeft een fijne grote veranda waardoor een groot deel van de dag buiten doorgebracht kan worden. Het huisje wordt omringd door een heerlijke grote natuurlijke tuin met bomen en struiken. In de Steenuil staan een wasmachine, magnetron en een koelkast.</span></p>
<p>[/et_pb_text][/et_pb_column][/et_pb_row][/et_pb_section]</p>

<p>[et_pb_section fb_built=&#8221;1&#8243; _builder_version=&#8221;4.3.2&#8243;][et_pb_row column_structure=&#8221;1_5,1_5,1_5,1_5,1_5&#8243; _builder_version=&#8221;4.3.2&#8243;][et_pb_column type=&#8221;1_5&#8243; _builder_version=&#8221;4.3.2&#8243;][et_pb_image src=&#8221;https://mebelder.nl/wp-content/uploads/2022/01/IMG_3219.jpg&#8221; show_in_lightbox=&#8221;on&#8221; _builder_version=&#8221;4.3.2&#8243; hover_enabled=&#8221;0&#8243;][/et_pb_image][/et_pb_column][et_pb_column type=&#8221;1_5&#8243; _builder_version=&#8221;4.3.2&#8243;][et_pb_image src=&#8221;https://mebelder.nl/wp-content/uploads/2020/02/IMG_3116-scaled.jpg&#8221; show_in_lightbox=&#8221;on&#8221; _builder_version=&#8221;4.3.2&#8243;][/et_pb_image][/et_pb_column][et_pb_column _builder_version=&#8221;4.3.2&#8243; type=&#8221;1_5&#8243;][et_pb_image src=&#8221;https://mebelder.nl/wp-content/uploads/2020/02/IMG_3112-scaled.jpg&#8221; show_in_lightbox=&#8221;on&#8221; _builder_version=&#8221;4.3.2&#8243;][/et_pb_image][/et_pb_column][et_pb_column type=&#8221;1_5&#8243; _builder_version=&#8221;4.3.2&#8243;][et_pb_image src=&#8221;https://mebelder.nl/wp-content/uploads/2020/02/IMG_3114-scaled.jpg&#8221; show_in_lightbox=&#8221;on&#8221; _builder_version=&#8221;4.3.2&#8243;][/et_pb_image][/et_pb_column][et_pb_column type=&#8221;1_5&#8243; _builder_version=&#8221;4.3.2&#8243;][et_pb_image src=&#8221;https://mebelder.nl/wp-content/uploads/2022/01/IMG_3220.jpg&#8221; _builder_version=&#8221;4.3.2&#8243; hover_enabled=&#8221;0&#8243;][/et_pb_image][/et_pb_column][/et_pb_row][et_pb_row _builder_version=&#8221;4.3.2&#8243;][et_pb_column type=&#8221;4_4&#8243; _builder_version=&#8221;4.3.2&#8243;][et_pb_text _builder_version=&#8221;4.3.2&#8243;] Vakantiewoning voor 4 personen.Dit gezellige, knusse huisje heeft een compacte kamer/keuken, compleet ingericht. Met badkamer met de douche en het toilet. En twee slaapkamers; één met een tweepersoons bed en één met twee eenpersoonsbedden. Het huisje heeft een fijne grote veranda waardoor een groot deel van de dag buiten doorgebracht kan worden. Het huisje wordt omringd door een heerlijke grote natuurlijke tuin met bomen en struiken. In de Steenuil staan een wasmachine, magnetron en een koelkast. [/et_pb_text][/et_pb_column][/et_pb_row][/et_pb_section]</p>
